 p(35). Calculate the greatest common divisor of 21789 and l.
81
Let q(s) = s + 17. Let d be -1 + (-8)/(-10) - (-21)/5. Let f be q(d). Suppose -2*z = m - 7*z - f, 4 = -2*z. Calculate the greatest common divisor of 1 and m.
1
Let t be (2 - (-15)/(-3))/(-1). Let q(r) = -3*r + 0*r - t*r + 33 + 4*r. Let i be q(-16). What is the greatest common divisor of i and 13?
13
Let i be (-2 - (-63)/28)*8. Suppose 5*k + 5*l - 1070 = 0, 25 = -i*l - 3*l. What is the greatest common factor of k and 146?
73
Let t be (390/42 + 1)/(2 - 150/84). Suppose -30 = -6*m + m. What is the greatest common divisor of m and t?
6
Let j = 46 + 4250. Calculate the greatest common factor of 48 and j.
24
Let a(f) = 414*f - 1174. Let o be a(3). Calculate the greatest common divisor of 442 and o.
34
Let a = 366 - 371. Let o be (2 + -6)*((-5)/a + -9). Calculate the greatest common factor of 304 and o.
16
Let w(o) = -o**3 - 15*o**2 - 40*o - 285. Let p be w(-19). What is the greatest common divisor of 38 and p?
19
Let t(f) = 10*f - 118. Let g(j) = -3*j**2 - 26*j - 4. Let i be g(-8). Let r be t(i). What is the highest common divisor of 22 and r?
2
Let y be (12/54 - (-20)/(-9))/2. Let x be (-5)/(-10)*-38*(y - -2). Let f = x + 37. What is the highest common divisor of 198 and f?
18
Let q(i) = 5*i - 17. Let f be q(7). Suppose -18 = 6*v + f. Let k be v/(-2) + (-3 - -7 - 4). What is the greatest common divisor of k and 33?
3
Let f be 5/10 - 101/(-2). Let q(r) = -r**2 + 16*r - 5. Let b be q(13). What is the greatest common divisor of b and f?
17
Let q(p) = -p - 20. Let z be q(4). Let s be (z/(-14))/((-4)/560*-4). Suppose -101 = -7*i + s. Calculate the greatest common divisor of i and 23.
23
Let m be 5 - (-77)/7 - 8. Suppose p = 4*p - 45. Suppose l + 3*h + p = -h, 3*h + 11 = -l. Calculate the highest common divisor of m and l.
1
Suppose -73*z - 108475 + 1245158 = 0. Calculate the greatest common divisor of 23 and z.
23
Let d(k) = k + 165. Let x be d(0). Let w be -2*1/(-2) - (11 + -12). Let r be (0 - w/(-2))*x/3. What is the greatest common factor of r and 22?
11
Let x = -100 + 108. Suppose -m + 17 = -x. What is the highest common factor of 25 and m?
25
Let s(n) = -70*n - 466. Let l be s(-7). Let k(m) = -m**3 - 3*m**2 - 4*m. Let g = -40 + 36. Let j be k(g). What is the highest common factor of l and j?
8
Suppose 5537 = -22*d + 45*d - 4468. What is the highest common divisor of d and 60?
15
Suppose 0*r - 5*r = -2*a - 37, -4*r = -2*a - 38. Let h be (-3)/a + 1002/42. Calculate the greatest common divisor of h and 336.
24
Suppose -5*l - 3541 = 2*f - 23558, f - 9998 = l. Calculate the highest common factor of 137 and f.
137
Let v(k) = 12*k - 570. Let u be v(48). What is the greatest common factor of 363 and u?
3
Suppose -z + 11 = -t, 0*z - 14 = 2*t + 2*z. Let i be 21 + 0*(t/(-2) + -5). What is the highest common factor of i and 105?
21
Suppose 4*b - 2001 = -5*q + 2409, 5*q + 3290 = 3*b. Calculate the greatest common divisor of b and 1232.
44
Let r = -48 + 53. Suppose -5*j + 108 = 4*a - 136, 0 = -r*a - 20. Let l = j + -43. What is the highest common factor of l and 72?
9
Let q be 7/(-14) + (9/(-2) - -5). Let w be (q + -2 + 0)/((-2)/154). Calculate the highest common factor of 56 and w.
14
Let h = -52 + 69. Suppose 4*f - t = 11, -h = -5*f + t - 3*t. Suppose -297 = -4*x + 2*x - f*p, -3*p = -9. What is the highest common factor of 16 and x?
16
Let o(p) = -82*p + 93. Let f be o(-13). Let t = -1206 + 1267. Calculate the highest common divisor of t and f.
61
Let c be (-280)/(-42)*(-2778)/(-10). What is the highest common factor of 12 and c?
4
Let d = 31149 - 31107. What is the greatest common factor of 8582 and d?
14
Let v(l) = -2*l**2 + 7*l - 1. Let k be v(3). Suppose o - 6*o + 16 = 2*g, 0 = -k*g - 3*o + 12. What is the greatest common divisor of g and 69?
3
Suppose 9424 = -32*k + 26979 + 35693. Calculate the highest common divisor of k and 117.
13
Let r = -51 + 41. Let n = r - -17. Suppose -n*y - 5*y = -264. What is the greatest common factor of 55 and y?
11
Let q(f) = 2*f**2 + 42*f + 44. Let t be q(-20). Let z(d) = d + 5. Let k be z(-5). Suppose k = -n - 0*n + 12. What is the highest common divisor of t and n?
4
Let f(n) = n**2 - 78*n + 1133. Let h be f(14). What is the highest common factor of h and 790?
79
Suppose -12*y + 25268 = 3*o - 10*y, 4*o + 4*y - 33684 = 0. Calculate the greatest common divisor of 22 and o.
22
Let d(o) = o**3 - 6*o**2 - 16*o + 20. Let g = -64 - -99. Let i = g + -27. Let n be d(i). Calculate the highest common divisor of n and 80.
20
Suppose -151 = -20*r + 369. Let b(j) = 17*j - 154. Let z be b(r). What is the highest common divisor of 64 and z?
32
Suppose 6*d + 9*d = -11*d + 312702. Calculate the highest common factor of 211 and d.
211
Let y = -11 + 18. Let m(b) = b**2 + 4*b - 8. Let c be m(3). Suppose -c*z = -117 + 26. Calculate the highest common divisor of y and z.
7
Suppose -53613 + 6249 = -183*o + 69756. Calculate the highest common divisor of o and 210.
10
Suppose 255*j = 287*j - 1762 + 610. Calculate the greatest common factor of j and 836.
4
Let b be (3/(-6))/(4/(-24)). Let m be b/(-2) - (-2058)/84. Let l(z) = -161*z. Let s be l(-1). Calculate the highest common divisor of s and m.
23
Let w(z) = 2*z**2 + z. Let r(k) = 654*k**2 + 4*k - 2. Let l(q) = r(q) - 4*w(q). Let y be l(1). Calculate the highest common factor of 28 and y.
28
Suppose -3*d + 54 = -4*g, -3*d - 2*d - 4*g + 122 = 0. Let j = -22376 - -22497. What is the greatest common factor of j and d?
11
Let f(i) = -83*i**2 - 8*i + 7. Let n be f(1). Let d be (1*-2)/(28/n). What is the greatest common factor of 102 and d?
6
Let m = 10 - 7. Let q = -233 - -305. Suppose 70*u = q*u - 24. What is the greatest common factor of m and u?
3
Let p = -1888 + 1966. What is the highest common factor of 338 and p?
26
Let f = 56 + -56. Suppose -3*w + 3*x + 729 = f, -8*w + 1223 = -3*w - 3*x. Calculate the highest common factor of 26 and w.
13
Suppose v - 4*g - 125 = 0, 0 = -2*v + 2*g - g + 236. Calculate the highest common factor of 338 and v.
13
Let l(s) be the first derivative of 3*s**2/2 + 62*s - 81. Let n be l(-15). What is the greatest common factor of n and 187?
17
Let g be 896 - 9/99*0. What is the highest common divisor of 784 and g?
112
Let s be -6*3/(-63)*476. What is the highest common divisor of s and 48?
8
Let z(m) be the third derivative of 23*m**4/12 - 163*m**3/3 - 2*m**2 - 3. Let q be z(20). Calculate the highest common factor of q and 22.
22
Let v = 15 + -10. Let m(j) = -7*j - 188. Let i be m(-22). Let p = v - i. What is the greatest common divisor of 156 and p?
39
Let i(r) be the second derivative of 2*r**3/3 + 4*r**2 + 45*r. Let a be i(3). What is the highest common divisor of 10 and a?
10
Suppose -11*r + 3361 = 1117. Calculate the greatest common divisor of 60 and r.
12
Let z be ((-168)/20 - (-2)/5)/(-1). Let d = z - 1. Let x(c) = 3*c**2 - 14*c + 7. Let k be x(d). What is the greatest common divisor of k and 14?
14
Let d = -472490 - -474072. Let w be (-81)/(-6) - (-1)/2. What is the highest common divisor of w and d?
14
Let w = 12 + -8. Let o(q) = 5*q**2 + 2*q - 18. Let v be o(3). Let r = w + v. What is the greatest common divisor of r and 148?
37
Let p be ((-4)/(-5))/(8*1/440). Let h(g) = 2*g + 4. Let x(r) = -r + 4. Let o be x(-5). Let u be h(o). Calculate the highest common factor of p and u.
22
Suppose 0 = 17*b - 35194 - 2444. Calculate the greatest common divisor of b and 12.
6
Let u = 1209 - 1169. Let p be 2 + (-3)/6*0. Suppose -p*j = 5*d - 36, -3*j + 11 - 1 = 2*d. What is the highest common divisor of u and d?
8
Let m be ((-28)/(-6))/(6 + 17/(-3)). Calculate the highest common factor of m and 13.
1
Suppose r = 5*v, -2*r + 3*r + 2*v = 14. Let l = 107 + -86. Suppose -26*g = -l*g - 400. What is the greatest common factor of r and g?
10
Let t be (8/(-30))/((-2)/15). Let c = 5 + 6. Suppose c = -4*m + 75. Calculate the greatest common divisor of m and t.
2
Suppose 4*g - 4*t = -t + 31, -3*g + 15 = -5*t. Let n = g + 160. What is the highest common factor of 30 and n?
10
Let g(y) = y**2 - 75*y + 1085. Let h be g(56). What is the highest common divisor of h and 5677?
7
Let i be (-2)/4 - 122/(-4). Suppose 4*f = -5*k + 675, 16*f - 4*k = 13*f + 576. What is the greatest common factor of f and i?
30
Suppose -v + q = -1